6 composite?
False
Let r = -4 - -6. Suppose -r = -0*k - k. Let x = 5 - k. Is x prime?
True
Let k(z) = -z**3 - z**2 + z + 1. Let c be k(-1). Is (1 - c) + 22 - 0 a prime number?
True
Suppose 344 = 5*c - 771. Is c prime?
True
Let n(q) = 150*q - 3. Let x(m) = 151*m - 2. Let p(d) = 3*n(d) - 2*x(d). Is p(4) a composite number?
False
Let f = 983 - 497. Suppose 3*p = v - 4*v + f, -3*v = -3*p + 456. Is p a composite number?
False
Suppose 2*s + 4*s - 12 = 0. Is (-2 + 57/s)*2 composite?
False
Suppose 6*q - 690 - 8304 = 0. Is q composite?
False
Suppose 9*p - 12*p = -6135. Is p a composite number?
True
Let u(h) = -77*h + 9. Suppose 5*g - 4*g + 4 = 0. Is u(g) a prime number?
True
Let q be (0 + -2)/((-2)/2). Suppose 44 = q*g - 66. Is g composite?
True
Is (-44)/(-6) + 11/(-33) a composite number?
False
Let j = 30 - -179. Is j composite?
True
Suppose 4*y - 6545 = -1669. Is y prime?
False
Suppose 6 = 3*n - 0*n. Suppose 0 = c + r + n*r - 14, 24 = 4*c + 4*r. Suppose 3*l + c*l = 105. Is l a prime number?
False
Suppose -b + 2*b - 23 = 0. Is b prime?
True
Let g(u) = u**3 + 7*u**2 + 5*u. Let c = -10 + 4. Is g(c) prime?
False
Suppose r - 1 = -4. Let z(w) = 9*w**2 - 4. Is z(r) composite?
True
Let j = 150 + 49. Is j a prime number?
True
Let i = 20 - -17. Is i a composite number?
False
Suppose 0 = t + 18 - 3. Suppose -3*r + 60 = -0*r. Let w = r - t. Is w a prime number?
False
Suppose k + 6 = 2*k + 2*h, -4*k - h + 10 = 0. Suppose -m = -k*m + 199. Is m a prime number?
True
Suppose -4*h + 3 + 17 = 0. Suppose -c + 122 + 101 = 4*z, -5*c = -h*z + 310. Is z composite?
True
Suppose a = -a - 210. Let b = -36 - a. Is b a composite number?
True
Let k(p) = 149*p**3 - p**2 - p + 1. Let i be k(1). Suppose 3*g - 7*g + i = 0. Is g composite?
False
Let o(s) = 341*s**3 + 2*s**2 + 2*s + 1. Let c be o(-1). Is (c/8)/((-2)/4) a prime number?
False
Let n(t) be the first derivative of -t**4/4 + t**3/3 - t**2 + 381*t - 6. Is n(0) a prime number?
False
Let l = -5 - -7. Suppose -3*z + 4*t - 8 = 0, -4*z + t + l = 4. Suppose y - 14 - 177 = z. Is y a composite number?
False
Let q(a) = -a**2. Let k be q(-2). Is (-746)/k - (-5)/10 a prime number?
False
Let r(t) = -18*t - 3. Let c(h) = 89*h + 16. Let a(p) = p**3 - 4*p**2 + 4*p - 1. Let f be a(3). Let l(i) = f*c(i) + 11*r(i). Is l(-1) a prime number?
True
Let l(b) = 7*b**2 - 2*b + 5. Let s be l(-4). Let f = s - 78. Is f a composite number?
False
Is 5067*((-10)/(-25))/(12/10) prime?
False
Suppose -5*r + 5 = 0, 3*n = n + 2*r + 1488. Is n composite?
True
Let d(a) = -a - 4. Let u be d(-8). Suppose -u = -h - 2. Suppose 5*t = h*t + 165. Is t composite?
True
Suppose 0 = -t - 2*t + 30. Suppose 18 = -5*f - 2, 2*s = -2*f - t. Is 22 - (-1 + 0)*s prime?
False
Suppose 623 = -4*p - 153. Let l(y) = -16*y**3 + 2*y**2 + 2*y - 1. Let q be l(2). Let f = q - p. Is f a composite number?
True
Let j = -13 - 135. Let g = 259 + j. Is g a prime number?
False
Let f = 8 - 5. Let c = 425 + -61. Suppose -t = f*t - c. Is t composite?
True
Let g = 1952 + -835. Is g composite?
False
Let n be (-2)/((-16)/6 + 2). Suppose 2*k = 6 + 2. Suppose k*i - 149 = n. Is i a composite number?
True
Let v(b) = 12 - b + 12 + 15. Suppose s = -2*s + s. Is v(s) prime?
False
Suppose -3*p = -2*p - 109. Is p a prime number?
True
Let m(c) = -c**3 - 7*c**2 - 3*c - 4. Let h be (3 - 1)/(1 + -3). Let x(a) = a**2 + a. Let l(v) = h*m(v) - 4*x(v). Is l(-3) prime?
True
Let l = 21 + -10. Let g = l + -9. Suppose y = -r + 19 + 13, -g*y + 3*r + 89 = 0. Is y prime?
True
Let d(u) = -u**2 - 5*u + 8. Let t be d(-6). Suppose 0 = t*j - 4*s + 6, -4*j + 5*s - 6 = -0. Suppose -z - 4*y = -9 - j, 0 = 4*z + y - 55. Is z a prime number?
False
Suppose 8 = 5*q - 17. Suppose d - 150 = -4*o + 595, q*o = -3*d + 940. Is o a composite number?
True
Suppose -6*s + 7*s - 641 = -3*b, 4*s + 4 = 0. Is b composite?
True
Let a = -1647 - -4130. Is a a composite number?
True
Let f(o) = 12*o**2 - 8*o + 16. Let j be f(13). Is j/(-50)*(-5)/2 a composite number?
False
Let z be (-2 - 22/(-8))*4. Let w(l) = -l**3 + 3*l**2 - 4*l + 1. Let s be w(z). Let g = s + 25. Is g prime?
False
Is 24/(-20)*1990/(-4) prime?
False
Let l(z) = -z**2 - 9*z. Let t(o) be the third derivative of -7*o**6/120 + o**5/60 - o**3/6 - 2*o**2. Let y be t(1). Is l(y) a composite number?
True
Let u(v) be the third derivative of 2*v**2 + 0*v + 1/24*v**4 + 1/60*v**5 + 0 - 1/6*v**3. Is u(-5) composite?
False
Let r(f) = 0 - 5*f + 4*f + 7. Let j be r(5). Is 2 - (42/(-3) + j) a composite number?
True
Suppose 0 = 14*b - 10246 + 460. Is b composite?
True
Suppose -2*z + 260 - 984 = 0. Let d = z + 112. Let j = 381 + d. Is j composite?
False
Let h be (-16)/(-6)*15/10. Suppose -4*j - 264 + 1032 = u, -2*j + 366 = -h*u. Is j a composite number?
False
Let u(j) = -3*j**3 - 7*j**2 + 3*j + 16. Is u(-6) a composite number?
True
Suppose 5*q - 3*y = 9418, -2*q + 2*y = -0*y - 3768. Is q a composite number?
True
Let c = -9 + 15. Let w = 21 - c. Is w a prime number?
False
Suppose -2*g + a + 22 = 0, 2*g = 3*g + 5*a - 22. Suppose -4*i + g = -16. Is i a prime number?
True
Let t be 2/(0 - 4/(-10)). Suppose -t*h = -4*h - 1337. Is h a prime number?
False
Is 107667/252 - (-2)/8*-1 composite?
True
Suppose 2*r + 2*r = 4. Let g = 3 - r. Suppose g*z - 37 - 7 = 0. Is z prime?
False
Suppose 4*o - 3*n = 11, -4*n + 4 = -o - 3. Suppose 2*h - 946 = -h + o*a, -2*h + 2*a + 632 = 0. Is h a composite number?
False
Suppose -7*u + 3*u = 24. Let k = 169 + u. Is k a composite number?
False
Is 982 - (-3)/(-1 - -4) a composite number?
False
Let k(p) = -p. Let y be k(1). Is -236*((-28)/16 - y) a prime number?
False
Let j = -4 + -31. Let i be 66 + (-2 - -5) + -3. Let a = i + j. Is a prime?
True
Let r = 180 + -343. Is (-1 + 0)/(1/r) composite?
False
Suppose -5*i + 6130 = -1580. Let f = i + -1055. Is f composite?
False
Let y(n) be the first derivative of n**3/3 - 3*n**2/2 + 7*n + 2. Is y(7) a prime number?
False
Let b(j) = 224*j**3 + j**2 - 2*j + 7. Is b(2) prime?
False
Let k = 1793 - 1258. Suppose -2*h - 4*x + 238 = -0*x, 0 = -5*h + 2*x + k. Is h a composite number?
False
Suppose 2*l - 5*z + 6 = 0, l = -0*z + 4*z - 6. Suppose 5*o - 74 = -3*k, -l*k + 5 = -2*o - 39. Is k composite?
False
Is (-1 - -2) + 112 - -2 prime?
False
Let a = -94 + 177. Is a a composite number?
False
Suppose 2*p = -f + 79, -2*f = -7*f - p + 422. Is f composite?
True
Is 22/(-11) - (-333)/1 prime?
True
Suppose 2*g + 4*p - 2465 = 3*p, 5*g - 6149 = 2*p. Suppose -4*b = 3*y - 0*b - 909, -g = -4*y + b. Is y composite?
False
Let k be (0 - 0)*1/2. Suppose k = -0*l - 4*l - 148. Is -3 - (-2 - -1) - l prime?
False
Let q(k) = -18*k**3 - 4*k**2 - 5*k + 7. Is q(-4) composite?
True
Let v = -9421 - -13208. Is v composite?
True
Suppose 19577 - 2196 = 7*q. Is q prime?
False
Suppose -4*s - 2*w + 0*w + 110 = 0, 151 = 5*s - 2*w. Let d = 10 + s. Is d composite?
True
Let r = 211 - -534. Is r a composite number?
True
Let x be (-1834)/(-91) - 2/13. Let o be (6/4)/((-1)/(-10)). Is o/x + (-569)/(-4) prime?
False
Let l be (-8)/(-40) + (-818)/(-10). Suppose -2*v - 4*h = -l, v + 4*h = -21 + 68. Is v a composite number?
True
Let a be (-2)/(6 - 2)*2. Let f(w) = -93*w**3 + w**2 + w + 1. Is f(a) prime?
False
Suppose -2*p = -3*d - 20, -d - 3*p + 3 + 5 = 0. Let k(w) = 13*w - 1 - 22*w - 14*w. Is k(d) prime?
False
Let g(k) be the second derivative of k**4/12 + 211*k**2/2 - k. Suppose 0 = -d + 6*d. Is g(d) a prime number?
True
Suppose 5*f = -5*x - 40, x + 9 = 2*f - 2*x. Let t be f*((-8)/(-6) + -1). Is 0/t - -96 - 1 a composite number?
True
Let o(f) = 2*f**2 - 10*f + 9. Let s be o(6). Let k be (-7)/(s/(-138)) + -2. Suppose -2*u = -0*u - k. Is u composite?
True
Let l(x) = -11*x**3 - 17*x**2 + 7*x - 47. Let q(m) = -5*m**3 - 9*m**2 + 3*m - 23. Let u(n) = -6*l(n) + 13*q(n). Is u(16) a prime number?
True
Let x(v) = 29*v**2 + 2*v - 1. Let w = 8 - 6. Is x(w) composite?
True
Let k(m) = -33*m**3 - 2*m**2 + 2*m**2 - 1 - m. Suppose 0 = -l + 2, -5 = -8*v + 3*v - 5*l. Is k(v) a composite number?
True
Suppose -2*b - 158 - 196 = 0. Is 1*(-2)/3*b a composite number?
True
Is (-6)/(-27)*-3 - (-1229)/3 prime?
True
Suppose 8 = -4*z, 9*z = 4*s + 4*z - 10. Suppose -5*g + 1462 = -h, -6*g + g - h + 1468 = s. Is g a composite number?
False
Let j be (0 + (-2)/2)*591. Let f = 375 + j. Is (-7)/(21/f) - 3 prime?
False
Suppose q - 101 